{"id":317,"date":"2018-04-11T08:17:45","date_gmt":"2018-04-11T08:17:45","guid":{"rendered":"http:\/\/codeless.co\/picante\/default\/?page_id=317"},"modified":"2024-08-29T13:34:04","modified_gmt":"2024-08-29T13:34:04","slug":"menu","status":"publish","type":"page","link":"https:\/\/amentecriativa.com.br\/","title":{"rendered":"Menu"},"content":{"rendered":"<p>[cl_row css_style=&#8221;padding-top:250px|padding-bottom:100px|margin-top:-110px|padding-right:&#8221; background_image=&#8221;id:1277|url:https%253A%252F%252Famentecriativa.com.br%252Fwp-content%252Fuploads%252F2024%252F08%252FBanner-site.jpg&#8221; parallax=&#8221;1&#8243; animation=&#8221;alpha-anim&#8221; animation_speed=&#8221;600&#8243;][cl_column horizontal_align=&#8221;middle&#8221; css_style=&#8221;padding-top:|padding-bottom:&#8221; fullheight_col=&#8221;1&#8243; width=&#8221;1\/6&#8243;][\/cl_column][cl_column width=&#8221;2\/3&#8243;][cl_media image=&#8221;id:1299|url:https%253A%252F%252Famentecriativa.com.br%252Fwp-content%252Fuploads%252F2024%252F08%252F2%25404x-8-1.png&#8221; css_style=&#8221;margin-top:|margin-bottom:80px&#8221;][\/cl_column][cl_column width=&#8221;1\/6&#8243;][\/cl_column][\/cl_row][cl_row css_style=&#8221;padding-top:70px|padding-bottom:70px&#8221; background_color=&#8221;#ecba22&#8243;][cl_column horizontal_align=&#8221;middle&#8221; text_color=&#8221;light-text&#8221;][cl_custom_heading typography=&#8221;custom_font&#8221; text_font_family=&#8221;DM Sans&#8221; text_font_size=&#8221;60&#8243; text_font_weight=&#8221;800&#8243; text_line_height=&#8221;60&#8243; text_color=&#8221;#ffffff&#8221; color_icon=&#8221;#222222&#8243;]<\/p>\n<p><mark class=\"highlight\">NOSSOS<\/mark> SERVI\u00c7OS<\/p>\n<p>[\/cl_custom_heading][cl_row_inner css_style=&#8221;margin-top:40px&#8221;][cl_column_inner width=&#8221;1\/6&#8243;][cl_service media=&#8221;type_custom&#8221; image=&#8221;id:1344|url:https%253A%252F%252Famentecriativa.com.br%252Fwp-content%252Fuploads%252F2024%252F08%252Ficone_01-1.png&#8221; layout_type=&#8221;media_top&#8221; layout_align=&#8221;align_center&#8221; title=&#8221;Atendimento<br \/>\nPsicopedag\u00f3gico&#8221; box_border_color=&#8221;rgba(0,0,0,0)&#8221; wrapper_size=&#8221;70&#8243; title_typography=&#8221;custom_font&#8221; title_font_size=&#8221;20&#8243; title_line_height=&#8221;30&#8243; title_color=&#8221;#02808e&#8221; animation=&#8221;alpha-anim&#8221; animation_speed=&#8221;600&#8243; desc_color=&#8221;#ffffff&#8221; custom_desc_typography=&#8221;1&#8243; desc_font_size=&#8221;18&#8243; desc_line_height=&#8221;24&#8243; wrapper_distance=&#8221;0&#8243; title_letterspace=&#8221;0&#8243; subtitle=&#8221;Atendimento Psicopedag\u00f3gico&#8221;]<\/p>\n<p>Transformamos desafios em conquistas.<\/p>\n<p>[\/cl_service][\/cl_column_inner][cl_column_inner width=&#8221;1\/6&#8243;][cl_service media=&#8221;type_custom&#8221; image=&#8221;id:1351|url:https%253A%252F%252Famentecriativa.com.br%252Fwp-content%252Fuploads%252F2024%252F08%252Ficone_02-2.png&#8221; layout_type=&#8221;media_top&#8221; layout_align=&#8221;align_center&#8221; title=&#8221;Atendimento<br \/>\nPsicomotor&#8221; box_border_color=&#8221;rgba(0,0,0,0)&#8221; wrapper_size=&#8221;70&#8243; title_typography=&#8221;custom_font&#8221; title_font_size=&#8221;20&#8243; title_line_height=&#8221;30&#8243; title_color=&#8221;#02808e&#8221; animation=&#8221;alpha-anim&#8221; animation_speed=&#8221;600&#8243; desc_color=&#8221;#ffffff&#8221; custom_desc_typography=&#8221;1&#8243; desc_font_size=&#8221;18&#8243; desc_line_height=&#8221;24&#8243; wrapper_distance=&#8221;0&#8243; title_letterspace=&#8221;0&#8243; subtitle=&#8221;Atendimento Psicomotor&#8221;]<\/p>\n<p>Movimento com confian\u00e7a e prop\u00f3sito.<\/p>\n<p>[\/cl_service][\/cl_column_inner][cl_column_inner width=&#8221;1\/6&#8243;][cl_service media=&#8221;type_custom&#8221; image=&#8221;id:1346|url:https%253A%252F%252Famentecriativa.com.br%252Fwp-content%252Fuploads%252F2024%252F08%252Ficone_03-1.png&#8221; layout_type=&#8221;media_top&#8221; layout_align=&#8221;align_center&#8221; title=&#8221;Atendimento<br \/>\nPsicol\u00f3gico&#8221; box_border_color=&#8221;rgba(0,0,0,0)&#8221; wrapper_size=&#8221;70&#8243; title_typography=&#8221;custom_font&#8221; title_font_size=&#8221;20&#8243; title_line_height=&#8221;30&#8243; title_color=&#8221;#02808e&#8221; animation=&#8221;alpha-anim&#8221; animation_speed=&#8221;600&#8243; desc_color=&#8221;#ffffff&#8221; custom_desc_typography=&#8221;1&#8243; desc_font_size=&#8221;18&#8243; desc_line_height=&#8221;24&#8243; wrapper_distance=&#8221;0&#8243; title_letterspace=&#8221;0&#8243; subtitle=&#8221;Atendimento Psicol\u00f3gico&#8221;]<\/p>\n<p>Equil\u00edbrio e bem-estar para o crescimento.<\/p>\n<p>[\/cl_service][\/cl_column_inner][cl_column_inner width=&#8221;1\/6&#8243;][cl_service media=&#8221;type_custom&#8221; image=&#8221;id:1341|url:https%253A%252F%252Famentecriativa.com.br%252Fwp-content%252Fuploads%252F2024%252F08%252Ficone_04-1.png&#8221; layout_type=&#8221;media_top&#8221; layout_align=&#8221;align_center&#8221; title=&#8221;Aulas<br \/>\nParticulares&#8221; box_border_color=&#8221;rgba(0,0,0,0)&#8221; wrapper_size=&#8221;70&#8243; title_typography=&#8221;custom_font&#8221; title_font_size=&#8221;20&#8243; title_line_height=&#8221;30&#8243; title_color=&#8221;#02808e&#8221; animation=&#8221;alpha-anim&#8221; animation_speed=&#8221;600&#8243; desc_color=&#8221;#ffffff&#8221; custom_desc_typography=&#8221;1&#8243; desc_font_size=&#8221;18&#8243; desc_line_height=&#8221;24&#8243; wrapper_distance=&#8221;0&#8243; title_letterspace=&#8221;0&#8243; subtitle=&#8221;Aulas Particulares&#8221;]<\/p>\n<p>Aprendizado personalizado para seu filho brilhar.<\/p>\n<p>[\/cl_service][\/cl_column_inner][cl_column_inner width=&#8221;1\/6&#8243;][cl_service media=&#8221;type_custom&#8221; image=&#8221;id:1352|url:https%253A%252F%252Famentecriativa.com.br%252Fwp-content%252Fuploads%252F2024%252F08%252Ficone_05-2.png&#8221; layout_type=&#8221;media_top&#8221; layout_align=&#8221;align_center&#8221; title=&#8221;Espa\u00e7o<br \/>\nMaker&#8221; box_border_color=&#8221;rgba(0,0,0,0)&#8221; wrapper_size=&#8221;70&#8243; title_typography=&#8221;custom_font&#8221; title_font_size=&#8221;20&#8243; title_line_height=&#8221;30&#8243; title_color=&#8221;#02808e&#8221; animation=&#8221;alpha-anim&#8221; animation_speed=&#8221;600&#8243; desc_color=&#8221;#ffffff&#8221; custom_desc_typography=&#8221;1&#8243; desc_font_size=&#8221;18&#8243; desc_line_height=&#8221;24&#8243; wrapper_distance=&#8221;0&#8243; title_letterspace=&#8221;0&#8243; subtitle=&#8221;Espa\u00e7o Maker&#8221;]<\/p>\n<p>Inova\u00e7\u00e3o e criatividade em a\u00e7\u00e3o.<\/p>\n<p>[\/cl_service][\/cl_column_inner][cl_column_inner width=&#8221;1\/6&#8243;][cl_service media=&#8221;type_custom&#8221; image=&#8221;id:1343|url:https%253A%252F%252Famentecriativa.com.br%252Fwp-content%252Fuploads%252F2024%252F08%252Ficone_06-1.png&#8221; layout_type=&#8221;media_top&#8221; layout_align=&#8221;align_center&#8221; title=&#8221;Assessoria<br \/>\nEspecializada&#8221; box_border_color=&#8221;rgba(0,0,0,0)&#8221; wrapper_size=&#8221;70&#8243; title_typography=&#8221;custom_font&#8221; title_font_size=&#8221;20&#8243; title_line_height=&#8221;30&#8243; title_color=&#8221;#02808e&#8221; animation=&#8221;alpha-anim&#8221; animation_speed=&#8221;600&#8243; desc_color=&#8221;#ffffff&#8221; custom_desc_typography=&#8221;1&#8243; desc_font_size=&#8221;18&#8243; desc_line_height=&#8221;24&#8243; wrapper_distance=&#8221;0&#8243; title_letterspace=&#8221;0&#8243; subtitle=&#8221;Assessoria Especializada&#8221;]<\/p>\n<p>Forma\u00e7\u00e3o e assessoria para educadores, psicopedagogos e terapeutas.<\/p>\n<p>[\/cl_service][\/cl_column_inner][\/cl_row_inner][\/cl_column][\/cl_row][cl_row css_style=&#8221;padding-top:70px|padding-bottom:70px&#8221; custom_width_bool=&#8221;1&#8243; custom_width=&#8221;850&#8243; background_color=&#8221;#80cbd5&#8243;][cl_column horizontal_align=&#8221;middle&#8221; css_style=&#8221;padding-bottom:40px&#8221;][cl_custom_heading typography=&#8221;custom_font&#8221; text_font_family=&#8221;DM Sans&#8221; text_font_size=&#8221;60&#8243; text_font_weight=&#8221;800&#8243; text_line_height=&#8221;60&#8243; text_color=&#8221;#ffffff&#8221; color_icon=&#8221;#222222&#8243;]<\/p>\n<p><mark class=\"highlight\">Siga <\/mark>nossa p\u00e1gina<mark class=\"highlight\"><br \/>\n<\/mark><\/p>\n<p>[\/cl_custom_heading][cl_row_inner][cl_column_inner css_style=&#8221;padding-top:|padding-bottom:&#8221;][cl_custom_code code=&#8221;<div class=\"spf_container spf_size_large\"><\/div>[\/cl_column_inner][\/cl_row_inner][\/cl_column][\/cl_row][cl_row css_style=&#8221;padding-top:70px|padding-bottom:20px&#8221; background_color=&#8221;#ffffff&#8221;][cl_column horizontal_align=&#8221;middle&#8221; text_color=&#8221;light-text&#8221;][cl_custom_heading typography=&#8221;custom_font&#8221; text_font_family=&#8221;DM Sans&#8221; text_font_size=&#8221;60&#8243; text_font_weight=&#8221;800&#8243; text_line_height=&#8221;60&#8243; text_color=&#8221;#ffffff&#8221; color_icon=&#8221;#222222&#8243;]<\/p>\n<p><mark class=\"highlight\">Parceiros<\/mark><\/p>\n<p>[\/cl_custom_heading][cl_row_inner css_style=&#8221;margin-top:40px&#8221; inner_columns_gap=&#8221;24&#8243;][cl_column_inner width=&#8221;1\/3&#8243; vertical_align=&#8221;middle&#8221;][cl_media image=&#8221;id:1415|url:https%253A%252F%252Famentecriativa.com.br%252Fwp-content%252Fuploads%252F2024%252F08%252FAmigos-Maker.jpg&#8221; css_style=&#8221;margin-top:&#8221;][cl_gallery][\/cl_column_inner][cl_column_inner width=&#8221;1\/3&#8243; vertical_align=&#8221;middle&#8221;][cl_media image=&#8221;id:1413|url:https%253A%252F%252Famentecriativa.com.br%252Fwp-content%252Fuploads%252F2024%252F08%252FInstituto-de-Psicomotricidade.jpg&#8221; css_style=&#8221;margin-top:|padding-top:&#8221;][\/cl_column_inner][cl_column_inner width=&#8221;1\/3&#8243; vertical_align=&#8221;middle&#8221;][cl_media image=&#8221;id:1414|url:https%253A%252F%252Famentecriativa.com.br%252Fwp-content%252Fuploads%252F2024%252F08%252FPsicomotricidade.jpg&#8221; css_style=&#8221;margin-top:|padding-top:&#8221;][\/cl_column_inner][\/cl_row_inner][\/cl_column][\/cl_row][cl_row css_style=&#8221;padding-top:70px|padding-bottom:70px&#8221; custom_width_bool=&#8221;1&#8243; custom_width=&#8221;850&#8243; background_color=&#8221;#80cbd5&#8243;][cl_column horizontal_align=&#8221;middle&#8221;][cl_custom_heading typography=&#8221;custom_font&#8221; text_font_family=&#8221;DM Sans&#8221; text_font_size=&#8221;60&#8243; text_font_weight=&#8221;800&#8243; text_line_height=&#8221;60&#8243; text_color=&#8221;#ffffff&#8221; color_icon=&#8221;#222222&#8243;]<\/p>\n<p><mark class=\"highlight\">Entre<\/mark> em Contato<\/p>\n<p>[\/cl_custom_heading][cl_contact_form7 id=&#8221;163&#8243;][\/cl_column][\/cl_row]<\/p>\n","protected":false},"excerpt":{"rendered":"<p>[cl_row css_style=&#8221;padding-top:250px|padding-bottom:100px|margin-top:-110px|padding-right:&#8221; background_image=&#8221;id:1277|url:https%253A%252F%252Famentecriativa.com.br%252Fwp-content%252Fuploads%252F2024%252F08%252FBanner-site.jpg&#8221; parallax=&#8221;1&#8243; animation=&#8221;alpha-anim&#8221; animation_speed=&#8221;600&#8243;][cl_column horizontal_align=&#8221;middle&#8221; css_style=&#8221;padding-top:|padding-bottom:&#8221; fullheight_col=&#8221;1&#8243; width=&#8221;1\/6&#8243;][\/cl_column][cl_column width=&#8221;2\/3&#8243;][cl_media image=&#8221;id:1299|url:https%253A%252F%252Famentecriativa.com.br%252Fwp-content%252Fuploads%252F2024%252F08%252F2%25404x-8-1.png&#8221; css_style=&#8221;margin-top:|margin-bottom:80px&#8221;][\/cl_column][cl_column width=&#8221;1\/6&#8243;][\/cl_column][\/cl_row][cl_row css_style=&#8221;padding-top:70px|padding-bottom:70px&#8221; background_color=&#8221;#ecba22&#8243;][cl_column horizontal_align=&#8221;middle&#8221; text_color=&#8221;light-text&#8221;][cl_custom_heading typography=&#8221;custom_font&#8221; text_font_family=&#8221;DM Sans&#8221; text_font_size=&#8221;60&#8243; text_font_weight=&#8221;800&#8243; text_line_height=&#8221;60&#8243; text_color=&#8221;#ffffff&#8221; color_icon=&#8221;#222222&#8243;] NOSSOS SERVI\u00c7OS [\/cl_custom_heading][cl_row_inner css_style=&#8221;margin-top:40px&#8221;][cl_column_inner width=&#8221;1\/6&#8243;][cl_service media=&#8221;type_custom&#8221; image=&#8221;id:1344|url:https%253A%252F%252Famentecriativa.com.br%252Fwp-content%252Fuploads%252F2024%252F08%252Ficone_01-1.png&#8221; layout_type=&#8221;media_top&#8221; layout_align=&#8221;align_center&#8221; title=&#8221;Atendimento Psicopedag\u00f3gico&#8221; box_border_color=&#8221;rgba(0,0,0,0)&#8221; wrapper_size=&#8221;70&#8243; title_typography=&#8221;custom_font&#8221; title_font_size=&#8221;20&#8243; title_line_height=&#8221;30&#8243; title_color=&#8221;#02808e&#8221; animation=&#8221;alpha-anim&#8221; animation_speed=&#8221;600&#8243; desc_color=&#8221;#ffffff&#8221; custom_desc_typography=&#8221;1&#8243; desc_font_size=&#8221;18&#8243; desc_line_height=&#8221;24&#8243; wrapper_distance=&#8221;0&#8243; title_letterspace=&#8221;0&#8243; subtitle=&#8221;Atendimento Psicopedag\u00f3gico&#8221;] Transformamos desafios em conquistas. [\/cl_service][\/cl_column_inner][cl_column_inner width=&#8221;1\/6&#8243;][cl_service media=&#8221;type_custom&#8221; image=&#8221;id:1351|url:https%253A%252F%252Famentecriativa.com.br%252Fwp-content%252Fuploads%252F2024%252F08%252Ficone_02-2.png&#8221; layout_type=&#8221;media_top&#8221; layout_align=&#8221;align_center&#8221; title=&#8221;Atendimento Psicomotor&#8221; box_border_color=&#8221;rgba(0,0,0,0)&#8221; wrapper_size=&#8221;70&#8243; title_typography=&#8221;custom_font&#8221; title_font_size=&#8221;20&#8243; title_line_height=&#8221;30&#8243; title_color=&#8221;#02808e&#8221; animation=&#8221;alpha-anim&#8221; animation_speed=&#8221;600&#8243; desc_color=&#8221;#ffffff&#8221; custom_desc_typography=&#8221;1&#8243; desc_font_size=&#8221;18&#8243; desc_line_height=&#8221;24&#8243; wrapper_distance=&#8221;0&#8243; title_letterspace=&#8221;0&#8243; subtitle=&#8221;Atendimento Psicomotor&#8221;] Movimento com confian\u00e7a e prop\u00f3sito. [\/cl_service][\/cl_column_inner][cl_column_inner width=&#8221;1\/6&#8243;][cl_service media=&#8221;type_custom&#8221; image=&#8221;id:1346|url:https%253A%252F%252Famentecriativa.com.br%252Fwp-content%252Fuploads%252F2024%252F08%252Ficone_03-1.png&#8221; layout_type=&#8221;media_top&#8221; layout_align=&#8221;align_center&#8221; title=&#8221;Atendimento Psicol\u00f3gico&#8221; box_border_color=&#8221;rgba(0,0,0,0)&#8221; wrapper_size=&#8221;70&#8243; title_typography=&#8221;custom_font&#8221; title_font_size=&#8221;20&#8243; title_line_height=&#8221;30&#8243; title_color=&#8221;#02808e&#8221; animation=&#8221;alpha-anim&#8221; animation_speed=&#8221;600&#8243; desc_color=&#8221;#ffffff&#8221; custom_desc_typography=&#8221;1&#8243; desc_font_size=&#8221;18&#8243; desc_line_height=&#8221;24&#8243; wrapper_distance=&#8221;0&#8243; title_letterspace=&#8221;0&#8243; subtitle=&#8221;Atendimento Psicol\u00f3gico&#8221;] Equil\u00edbrio e bem-estar para o crescimento. [\/cl_service][\/cl_column_inner][cl_column_inner width=&#8221;1\/6&#8243;][cl_service media=&#8221;type_custom&#8221; image=&#8221;id:1341|url:https%253A%252F%252Famentecriativa.com.br%252Fwp-content%252Fuploads%252F2024%252F08%252Ficone_04-1.png&#8221; layout_type=&#8221;media_top&#8221; layout_align=&#8221;align_center&#8221; title=&#8221;Aulas Particulares&#8221; box_border_color=&#8221;rgba(0,0,0,0)&#8221; wrapper_size=&#8221;70&#8243; title_typography=&#8221;custom_font&#8221; title_font_size=&#8221;20&#8243; title_line_height=&#8221;30&#8243; title_color=&#8221;#02808e&#8221; animation=&#8221;alpha-anim&#8221; animation_speed=&#8221;600&#8243; desc_color=&#8221;#ffffff&#8221; custom_desc_typography=&#8221;1&#8243; desc_font_size=&#8221;18&#8243; desc_line_height=&#8221;24&#8243; wrapper_distance=&#8221;0&#8243; title_letterspace=&#8221;0&#8243; subtitle=&#8221;Aulas Particulares&#8221;] Aprendizado personalizado para seu filho brilhar. [\/cl_service][\/cl_column_inner][cl_column_inner width=&#8221;1\/6&#8243;][cl_service media=&#8221;type_custom&#8221; image=&#8221;id:1352|url:https%253A%252F%252Famentecriativa.com.br%252Fwp-content%252Fuploads%252F2024%252F08%252Ficone_05-2.png&#8221; layout_type=&#8221;media_top&#8221; layout_align=&#8221;align_center&#8221; title=&#8221;Espa\u00e7o Maker&#8221; box_border_color=&#8221;rgba(0,0,0,0)&#8221; wrapper_size=&#8221;70&#8243; title_typography=&#8221;custom_font&#8221; title_font_size=&#8221;20&#8243; title_line_height=&#8221;30&#8243; title_color=&#8221;#02808e&#8221; animation=&#8221;alpha-anim&#8221; animation_speed=&#8221;600&#8243; desc_color=&#8221;#ffffff&#8221; custom_desc_typography=&#8221;1&#8243; desc_font_size=&#8221;18&#8243; desc_line_height=&#8221;24&#8243; wrapper_distance=&#8221;0&#8243; title_letterspace=&#8221;0&#8243; subtitle=&#8221;Espa\u00e7o Maker&#8221;] Inova\u00e7\u00e3o e criatividade em a\u00e7\u00e3o. [\/cl_service][\/cl_column_inner][cl_column_inner width=&#8221;1\/6&#8243;][cl_service media=&#8221;type_custom&#8221; image=&#8221;id:1343|url:https%253A%252F%252Famentecriativa.com.br%252Fwp-content%252Fuploads%252F2024%252F08%252Ficone_06-1.png&#8221; layout_type=&#8221;media_top&#8221; layout_align=&#8221;align_center&#8221; title=&#8221;Assessoria Especializada&#8221; box_border_color=&#8221;rgba(0,0,0,0)&#8221; wrapper_size=&#8221;70&#8243; title_typography=&#8221;custom_font&#8221; title_font_size=&#8221;20&#8243; title_line_height=&#8221;30&#8243; title_color=&#8221;#02808e&#8221; animation=&#8221;alpha-anim&#8221; animation_speed=&#8221;600&#8243; desc_color=&#8221;#ffffff&#8221; custom_desc_typography=&#8221;1&#8243; desc_font_size=&#8221;18&#8243; desc_line_height=&#8221;24&#8243; wrapper_distance=&#8221;0&#8243; title_letterspace=&#8221;0&#8243; subtitle=&#8221;Assessoria Especializada&#8221;] Forma\u00e7\u00e3o [&hellip;]<\/p>\n","protected":false},"author":1,"featured_media":0,"parent":0,"menu_order":0,"comment_status":"closed","ping_status":"closed","template":"","meta":{"footnotes":""},"class_list":["post-317","page","type-page","status-publish","hentry"],"_links":{"self":[{"href":"https:\/\/amentecriativa.com.br\/index.php?rest_route=\/wp\/v2\/pages\/317","targetHints":{"allow":["GET"]}}],"collection":[{"href":"https:\/\/amentecriativa.com.br\/index.php?rest_route=\/wp\/v2\/pages"}],"about":[{"href":"https:\/\/amentecriativa.com.br\/index.php?rest_route=\/wp\/v2\/types\/page"}],"author":[{"embeddable":true,"href":"https:\/\/amentecriativa.com.br\/index.php?rest_route=\/wp\/v2\/users\/1"}],"replies":[{"embeddable":true,"href":"https:\/\/amentecriativa.com.br\/index.php?rest_route=%2Fwp%2Fv2%2Fcomments&post=317"}],"version-history":[{"count":80,"href":"https:\/\/amentecriativa.com.br\/index.php?rest_route=\/wp\/v2\/pages\/317\/revisions"}],"predecessor-version":[{"id":1477,"href":"https:\/\/amentecriativa.com.br\/index.php?rest_route=\/wp\/v2\/pages\/317\/revisions\/1477"}],"wp:attachment":[{"href":"https:\/\/amentecriativa.com.br\/index.php?rest_route=%2Fwp%2Fv2%2Fmedia&parent=317"}],"curies":[{"name":"wp","href":"https:\/\/api.w.org\/{rel}","templated":true}]}}